= 3*q + 14, q + 34 = -3*q - g. Calculate the remainder when (-230)/(-3) - (-4)/(-6) is divided by (4 + q)/(-4) + -1 + 20.
16
Let l(m) = m + 13. Let d be 1 + 3 + (0 - 0). Let f be l(d). Let q = 28 - f. Calculate the remainder when 20 is divided by q.
9
Let w(d) = 16*d - 30. Let l(o) = -8*o + 7. What is the remainder when l(-8) is divided by w(3)?
17
Suppose -12*t + 15*t - 3 = 0, -65 = -4*h - 5*t. Calculate the remainder when h is divided by 12.
3
Calculate the remainder when 223 is divided by ((-1216)/(-57))/((-2)/(-3)).
31
Let a = 98 + -84. What is the remainder when a is divided by (2 - (-22)/(-8))/((-21)/140)?
4
Calculate the remainder when -1*24*6/(-48)*26 is divided by 21.
15
Let b(x) = -155 + 80 - x + 77. Calculate the remainder when 26 is divided by b(-7).
8
Suppose 0 = -3*v + 9, 4*l - 5*v = -5 - 2. Suppose 5*d = d + l*w + 850, -2 = -2*w. What is the remainder when d is divided by 54?
51
Let a = -769 + 806. What is the remainder when 1220 is divided by a?
36
Suppose 4*h = -2*n + 330, h - 4*h - 4*n = -250. Suppose -149*w - 289 = -166*w. What is the remainder when h is divided by w?
14
Suppose -28 = -6*s + 14. Let o(t) = t**2 - 4*t + 8. What is the remainder when 85 is divided by o(s)?
27
Let g = 281 - 163. What is the remainder when g is divided by 55?
8
Suppose -191 = -5*o + 4*c, -3*o + 3*c - 198 = -8*o. Let z = -39 + 59. Calculate the remainder when o is divided by z.
19
Let k = 836 - 707. What is the remainder when k is divided by 10?
9
Suppose -916 = -3*b + 869. Suppose 0*x - b = -5*x. Calculate the remainder when x is divided by 30.
29
Let l = -9 - 3. What is the remainder when 187 is divided by ((l - -9) + 7/2)*38?
16
Let p = 1193 - 1009. What is the remainder when 188 is divided by p?
4
Let z be 2 + 0 - (1 - 3). Suppose z*p = 5*p - 8. Let a = -6235 - -6258. What is the remainder when a is divided by p?
7
Suppose -4*p + 3*p + i = -16, -3*p - 3*i + 36 = 0. What is the remainder when 165 is divided by p?
11
Let r = -202 - -673. What is the remainder when r is divided by 95?
91
Let u = 78 - 180. Let d = 117 + u. What is the remainder when 59 is divided by d?
14
Let b be (-11)/(-5) + 9/(-45). Let t = 48 - b. Calculate the remainder when t is divided by 10.
6
Let j be (0 - 4/(-3)) + 8/(-6). Suppose j = -b - 4, -11 = -2*d - 3*b + 5. What is the remainder when d is divided by 4?
2
Suppose 4*a + a + z = 184, a - z = 32. Calculate the remainder when 52 is divided by a.
16
Let n(g) = -g**3 - 9*g**2 - g - 12. Let p be n(-9). Let s = p - -6. Calculate the remainder when s + (2/(-1) - -77) is divided by 20.
18
What is the remainder when 7 is divided by (-11)/(-2) - -1*(-6)/4?
3
Let t(i) = -i**3 - 6*i**2 - 11*i - 6. Let f be t(-4). What is the remainder when ((-6)/(-9))/(f/909) is divided by 21?
17
Suppose -8*z + 3*z + 2*n = -66, -z = -3*n - 21. What is the remainder when 77 is divided by z?
5
Suppose k - 488 = -441. Calculate the remainder when k is divided by (-2)/((-27)/24 - -1).
15
Let q(h) = -27*h. Let j be q(-6). Suppose -j = -3*m + 2*f, 7*m - 3*m - f = 216. What is the remainder when m is divided by 0 - (-188)/10 - (-11)/55?
16
Let g(u) = -u**2 + 8*u + 24. Let v be g(10). Suppose v*w - 114 = -2*w. Calculate the remainder when 72 is divided by w.
15
Let z = 192 + -157. Calculate the remainder when 310 is divided by z.
30
Suppose -344*r + 351*r = 147. What is the remainder when 80 is divided by r?
17
Let z(v) = v**2 + v + 3. Let q(o) = o - 2. Let x be q(4). Suppose 1 + x = -l. Calculate the remainder when z(l) is divided by 2.
1
Let q(c) = c**2 + 4*c - 1. Calculate the remainder when 37 is divided by q(-6).
4
Suppose 4*z = -k + 60, 5*k - 6 = z - 0*z. Let j = 28 - z. What is the remainder when 18 is divided by j?
4
Let l(x) = -x**2 + 39*x - 158. Calculate the remainder when 59 is divided by l(5).
11
Let q = -6 + 36. Let j(l) = 0*l**3 + 9*l**2 + 6*l + 1 - l**3 - 6 + 2*l**3. Calculate the remainder when q is divided by j(-8).
8
Suppose -v - v + 4*a = -194, 2*v + 3*a = 194. Suppose 5*m - 33 = -p + 3*m, -3*m = p - 37. What is the remainder when v is divided by p?
22
Suppose -3*r - 54 + 51 = 0. Calculate the remainder when (-3 - -28 - r)*2 is divided by 9.
7
Suppose -74 = -46*w + 44*w. Calculate the remainder when w is divided by 14.
9
Let c(p) = -p**3 - 6*p**2 - 8*p - 7. Calculate the remainder when (-4)/10 - 1683/(-45) is divided by c(-5).
5
Suppose 0 + 48 = -2*g. Let i = -20 - g. Suppose 0 = -4*o - i, 0 = -m - 4*o + 44 + 1. Calculate the remainder when m is divided by 10.
9
What is the remainder when 19 is divided by 519/57 - (3 - (-330)/(-114))?
1
Suppose 8*x - 51 = -19. Suppose 6*f - x*f - 24 = 0. Calculate the remainder when 22 is divided by f.
10
Let r = 49 + -7. Let t = -18 + r. What is the remainder when 68 is divided by t?
20
Let i(k) = -10*k**2 + 65*k - 5. Calculate the remainder when i(4) is divided by 25.
20
Suppose -4*y - 4 = -5*y. Suppose -y*l - 25 = -9*l. Suppose -5*z - 25 = 0, 10 = -3*c - z + 14. Calculate the remainder when l is divided by c.
2
Suppose 17*o = 9*o + 3480. Calculate the remainder when o is divided by 40.
35
Suppose -35*y + 26*y + 198 = 0. What is the remainder when y is divided by 12?
10
Suppose -4*x + 2*x = -6. Suppose -x*f - b - 26 = 3, 12 = f - 4*b. Let t = -1 - f. What is the remainder when t is divided by 5?
2
Let h(z) = 123*z - 979. Let n(t) = -4*t**3 - 3*t**2 - 3*t - 3. Calculate the remainder when n(-2) is divided by h(8).
3
Suppose -227*b + 234*b - 231 = 0. What is the remainder when 458 is divided by b?
29
Suppose 0 = -3*b, -b = -5*h - 3*b - 220. Let f = 49 + h. What is the remainder when 24 is divided by f?
4
Let m be (-16)/12*-12 - 0. Calculate the remainder when 24 is divided by 2/((-62)/m + 4).
8
Suppose -5 - 9 = c - 4*s, -23 = c + 5*s. Let a = c + 23. Calculate the remainder when 12 is divided by a.
2
Let h be (-182)/49 + 4/(-14). Let t be ((-6)/h)/((-3)/(-10)). Suppose -n + 6 = 2*r - t*r, -32 = -2*n + r. What is the remainder when 53 is divided by n?
17
Suppose 74 + 2 = 2*t + 2*p, 3*p = -2*t + 74. What is the remainder when 73 is divided by t?
33
Suppose 5*s - 4*m = 135, 0 = 6*s - 8*s - m + 54. What is the remainder when 766 is divided by s?
10
Let b(k) = -5*k + 4. Let u be 1/((5 - 4)*1). Calculate the remainder when b(-4) is divided by (65/(-20))/(u/(-4)).
11
Suppose 2*i = -4*u + 959 - 205, 5*u + 3*i - 944 = 0. Calculate the remainder when u is divided by 38.
35
Let z = -60 + 159. Suppose 4*y - 66 = x, -4*x - 9 = -5*y + 4*y. What is the remainder when z is divided by y?
14
Let f = -142 + 174. What is the remainder when 72 is divided by f?
8
Let p = -1956 + 1997. Calculate the remainder when 153 is divided by p.
30
Suppose -2*b + q = -15, 3*b = -b - 2*q + 10. Suppose b*g = 6*c - 3*c + 46, 5*c - 6 = -2*g. What is the remainder when 18 is divided by g?
2
Let x(g) = -65*g - 18. Calculate the remainder when x(-2) is divided by 5.
2
Suppose -8 = -5*o - 3*b, 5*b = -0*o - 4*o - 4. Let r be (7/1)/(-8 - -9). Suppose 1 = -f + o*q, -f + r + 2 = q. What is the remainder when 27 is divided by f?
6
Let o = -337 - -348. What is the remainder when 185 is divided by o?
9
Suppose 0*a + 3*l + 28 = 4*a, -20 = -3*a + 2*l. Suppose -3*y + a*y - k = 43, 5*k + 125 = 3*y. Calculate the remainder when 222 is divided by y.
42
What is the remainder when -6*(-872)/80 - 18/(-30) is divided by 2/(8/34)*2?
15
Suppose 0 = 25*x - 20*x - 40. Suppose 26 = 2*w - 64. What is the remainder when w is divided by x?
5
Suppose -3*b + 1037 = -4*x, 3*b - 669 - 353 = x. Calculate the remainder when b is divided by 57.
54
Suppose 2*j = -3*f + 22, 0 = -f - 4*j - 6. Suppose 0 = 4*s + 4*l - 138 - 34, 2*l = 8. Calculate the remainder when s is divided by f.
9
Suppose 4*z + 132 = 3*x, 8*z - 7*z = 5*x - 203. Calculate the remainder when 185 is divided by x.
25
Suppose -4*p + 985 = -y - 0*y, 0 = -4*p + 4*y + 976. Calculate the remainder when p is divided by 63.
58
Let x(b) = b**3 - 17*b**2 + 6*b - 89. Calculate the remainder when 1102 is divided by x(17).
10
Let r(u) = -u + 6. Suppose -3*y = 10 + 8. Suppose -4*c + 2*k + 124 = -14, 5*k = -c + 40. What is the remainder when c is divided by r(y)?
11
Let o = 31 + -19. Suppose 12 + o = 4*r. Let w(t) = t**2 - 6*t + 9. What is the remainder when w(r) is divided by 5?
4
Let d(p) = -p**3 + 9*p**2 + 7*p - 13